tors of 991.
991
List the prime factors of 1414.
2, 7, 101
What are the prime factors of 17330?
2, 5, 1733
List the prime factors of 4795.
5, 7, 137
List the prime factors of 748.
2, 11, 17
List the prime factors of 2334.
2, 3, 389
What are the prime factors of 15134?
2, 7, 23, 47
What are the prime factors of 8571?
3, 2857
List the prime factors of 4834.
2, 2417
List the prime factors of 419.
419
List the prime factors of 3264.
2, 3, 17
List the prime factors of 130157.
23, 5659
What are the prime factors of 1825?
5, 73
List the prime factors of 33354.
2, 3, 17, 109
List the prime factors of 10803.
3, 13, 277
What are the prime factors of 3718?
2, 11, 13
List the prime factors of 9563.
73, 131
List the prime factors of 3183.
3, 1061
What are the prime factors of 2150?
2, 5, 43
List the prime factors of 46714.
2, 23357
List the prime factors of 14709.
3, 4903
List the prime factors of 8124.
2, 3, 677
List the prime factors of 2652.
2, 3, 13, 17
What are the prime factors of 9429?
3, 7, 449
List the prime factors of 6347.
11, 577
List the prime factors of 104.
2, 13
List the prime factors of 1872.
2, 3, 13
List the prime factors of 1727.
11, 157
What are the prime factors of 4789?
4789
List the prime factors of 11661.
3, 13, 23
What are the prime factors of 14847?
3, 7, 101
List the prime factors of 22094.
2, 11047
What are the prime factors of 6486?
2, 3, 23, 47
What are the prime factors of 87688?
2, 97, 113
What are the prime factors of 56874?
2, 3, 9479
List the prime factors of 19524.
2, 3, 1627
What are the prime factors of 79447?
53, 1499
What are the prime factors of 30255?
3, 5, 2017
List the prime factors of 22596.
2, 3, 7, 269
List the prime factors of 15809.
15809
What are the prime factors of 343?
7
List the prime factors of 55316.
2, 13829
List the prime factors of 1612.
2, 13, 31
What are the prime factors of 364?
2, 7, 13
List the prime factors of 6660.
2, 3, 5, 37
List the prime factors of 560.
2, 5, 7
What are the prime factors of 958?
2, 479
What are the prime factors of 334?
2, 167
What are the prime factors of 1099?
7, 157
List the prime factors of 17076.
2, 3, 1423
What are the prime factors of 6176?
2, 193
List the prime factors of 156.
2, 3, 13
What are the prime factors of 5982?
2, 3, 997
List the prime factors of 1910.
2, 5, 191
What are the prime factors of 36445?
5, 37, 197
List the prime factors of 15650.
2, 5, 313
What are the prime factors of 43710?
2, 3, 5, 31, 47
What are the prime factors of 625?
5
List the prime factors of 3643.
3643
List the prime factors of 6068.
2, 37, 41
List the prime factors of 1603.
7, 229
List the prime factors of 24579.
3, 2731
What are the prime factors of 4231?
4231
What are the prime factors of 49732?
2, 12433
What are the prime factors of 26092?
2, 11, 593
List the prime factors of 577.
577
What are the prime factors of 1504?
2, 47
List the prime factors of 62683.
62683
List the prime factors of 10308.
2, 3, 859
What are the prime factors of 2975?
5, 7, 17
List the prime factors of 93.
3, 31
List the prime factors of 145551.
3, 7, 29, 239
List the prime factors of 107845.
5, 21569
What are the prime factors of 38065?
5, 23, 331
What are the prime factors of 9044?
2, 7, 17, 19
What are the prime factors of 5101?
5101
What are the prime factors of 1985?
5, 397
List the prime factors of 1811.
1811
What are the prime factors of 23924?
2, 5981
List the prime factors of 149465.
5, 167, 179
List the prime factors of 294.
2, 3, 7
What are the prime factors of 10153?
11, 13, 71
List the prime factors of 55476.
2, 3, 23, 67
What are the prime factors of 2642?
2, 1321
List the prime factors of 816.
2, 3, 17
What are the prime factors of 1422?
2, 3, 79
What are the prime factors of 111920?
2, 5, 1399
What are the prime factors of 7093?
41, 173
List the prime factors of 1068.
2, 3, 89
List the prime factors of 1455.
3, 5, 97
What are the prime factors of 13517?
7, 1931
What are the prime factors of 17486?
2, 7, 1249
What are the prime factors of 77731?
77731
List the prime factors of 32066.
2, 16033
What are the prime factors of 7329?
3, 7, 349
List the prime factors of 1483.
1483
List the prime factors of 2874.
2, 3, 479
What are the prime factors of 7898?
2, 11, 359
List the prime factors of 10406.
2, 11, 43
List the prime factors of 2053.
2053
List the prime factors of 10835.
5, 11, 197
List the prime factors of 7534.
2, 3767
What are the prime factors of 6329?
6329
List the prime factors of 615.
3, 5, 41
What are the prime factors of 3560?
2, 5, 89
List the prime factors of 86493.
3, 11, 2621
List the prime factors of 9222.
2, 3, 29, 53
List the prime factors of 54.
2, 3
List the prime factors of 1665.
3, 5, 37
List the prime factors of 17933.
79, 227
List the prime factors of 58104.
2, 3, 269
List the prime factors of 2235.
3, 5, 149
List the prime factors of 1933.
1933
What are the prime factors of 27607?
19, 1453
What are the prime factors of 395?
5, 79
List the prime factors of 4130.
2, 5, 7, 59
What are the prime factors of 2734?
2, 1367
List the prime factors of 8340.
2, 3, 5, 139
List the prime factors of 119529.
3, 19, 233
What are the prime factors of 693?
3, 7, 11
What are the prime factors of 14337?
3, 59
What are the prime factors of 11248?
2, 19, 37
What are the prime factors of 2633?
2633
List the prime factors of 2389.
2389
What are the prime factors of 84930?
2, 3, 5, 19, 149
What are the prime factors of 120720?
2, 3, 5, 503
List the prime factors of 21060.
2, 3, 5, 13
List the prime factors of 35146.
2, 17573
List the prime factors of 6228.
2, 3, 173
List the prime factors of 2025.
3, 5
What are the prime factors of 137?
137
List the prime factors of 5366.
2, 2683
List the prime factors of 3600.
2, 3, 5
List the prime factors of 1206.
2, 3, 67
What are the prime factors of 337?
337
What are the prime factors of 561?
3, 11, 17
What are the prime factors of 1256?
2, 157
What are the prime factors of 3281?
17, 193
List the prime factors of 31662.
2, 3, 1759
What are the prime factors of 2223?
3, 13, 19
What are the prime factors of 6753?
3, 2251
What are the prime factors of 2186?
2, 1093
What are the prime factors of 7977?
3, 2659
What are the prime factors of 82472?
2, 13, 61
What are the prime factors of 1903?
11, 173
List the prime factors of 5718.
2, 3, 953
List the prime factors of 8202.
2, 3, 1367
List the prime factors of 303.
3, 101
List the prime factors of 7222.
2, 23, 157
What are the prime factors of 590?
2, 5, 59
What are the prime factors of 141?
3, 47
List the prime factors of 2186.
2, 1093
List the prime factors of 29182.
2, 14591
List the prime factors of 666.
2, 3, 37
List the prime factors of 1570.
2, 5, 157
What are the prime factors of 424?
2, 53
List the prime factors of 30282.
2, 3, 7, 103
List the prime factors of 2977.
13, 229
What are the prime factors of 4142?
2, 19, 109
What are the prime factors of 290?
2, 5, 29
What are the prime factors of 886?
2, 443
What are the prime factors of 19739?
19739
What are the prime factors of 122842?
2, 17, 3613
What are the prime factors of 2162?
2, 23, 47
List the prime factors of 7877.
7877
List the prime factors of 72348.
2, 3, 6029
List the prime factors of 759.
3, 11, 23
List the prime factors of 1603.
7, 229
What are the prime factors of 10230?
2, 3, 5, 11, 31
What are the prime factors of 2907?
3, 17, 19
What are the prime factors of 8332?
2, 2083
List the prime factors of 568.
2, 71
List the prime factors of 99.
3, 11
What are the prime factors of 19591?
11, 13, 137
What are the prime factors of 2125?
5, 17
What are the prime factors of 18472?
2, 2309
List the prime factors of 2593.
2593
List the prime factors of 31665.
3, 5, 2111
List the prime factors of 451.
11, 41
What are the prime factors of 11438?
2, 7, 19, 43
What are the prime factors of 1423?
1423
What are the prime factors of 13739?
11, 1249
What are the prime factors of 1836?
2, 3, 17
What are the prime factors of 3749?
23, 163
List the prime factors of 323.
17, 19
List the prime factors of 4035.
3, 5, 269
List the prime factors of 2919.
3, 7, 139
List the prime factors of 242.
2, 11
List the prime factors of 202652.
2, 29, 1747
What are the prime factors of 8485?
5, 1697
List the prime factors of 20735.
5, 11, 13, 29
What are the prime 